 -277. Suppose -2*v = -5*o + 170, -a = -3*o + 3*v + 2*v. What is the greatest common factor of o and 12?
12
Suppose 17 = 3*z - 1. Let a = -108 + 156. Calculate the greatest common factor of z and a.
6
Suppose -2*z - 2*l + 16 = 0, -4*l + 11 = z - 4*z. Suppose z*g + 5 + 10 = 0, -3*p - 2*g = -56. Calculate the greatest common divisor of p and 55.
11
Suppose 0 = 2*k - 2*b + 6, b - 6 = -3*k - b. Suppose -3*r + 30 = -k*r. Let p be (-2)/(((-1)/30)/1). What is the greatest common divisor of r and p?
10
Let h(y) = -y**2 - 2*y - 2. Let r be h(-3). Let f be -2 + 0 - (r + 2). Let j = f - -10. Calculate the highest common divisor of 55 and j.
11
Suppose 12 = 3*g - 3. Let t(o) = -o**2 - 9*o + 11. Let j(u) = -u**2 + 5*u - 4. Let b be j(6). Let r be t(b). Calculate the greatest common divisor of r and g.
1
Let q = -10 + 16. Suppose 4*b - 76 = 5*y, q*b = b + y + 74. Suppose 2*u = 3*u - 2, 0 = h + 5*u - b. What is the greatest common divisor of 10 and h?
2
Suppose 0 = -3*d + 2*d + f + 3, 2*d - 5*f = -3. Suppose -2*z + 4*b = -46, 3*z - 2*b + d - 55 = 0. What is the highest common factor of 117 and z?
13
Suppose 32 = -2*h - 3*h - o, 5*h - 5*o + 50 = 0. Let w = -4 - h. Let y be (22 - w) + (-1 - 1). What is the greatest common factor of 153 and y?
17
Let r be (-2)/(-6) - 644/(-12). Let w = -36 + r. What is the highest common factor of 27 and w?
9
Let f = 1 - -31. Calculate the greatest common divisor of f and 288.
32
Let o = 34 + 32. What is the highest common divisor of o and 6?
6
Let l be 0 - (200/(-4) - -2). Let m be (1 - 17)*(-4)/4. Calculate the highest common divisor of l and m.
16
Let i(p) = 6 + 2*p**2 + p - 9*p - 2*p. Let s be i(6). Let t be (12/(-1) + 0)/(-2). What is the greatest common divisor of t and s?
6
Suppose 3*k - 255 = -4*y, 3*k = -2*y + k + 130. What is the highest common divisor of 15 and y?
15
Let n = -19 - -6. Let i = 4 - n. What is the highest common factor of 187 and i?
17
Suppose -5*h - 5 = -0. Let f be (h/(-2))/((-4)/8). Let t = 10 + f. Calculate the greatest common divisor of t and 18.
9
Let k = -9 - -15. Suppose -4*a + k = -7*a. Let j be (3 - 11)*1/a. Calculate the highest common factor of 4 and j.
4
Suppose 0 = 11*o + 4 - 37. What is the greatest common factor of 9 and o?
3
Let p(q) = q**2 + 3*q - 32. Let w be p(-8). Calculate the highest common factor of w and 16.
8
Suppose 0 = n - 18 - 14. What is the highest common divisor of n and 48?
16
Suppose 6 = 2*c - 0. Let u be c/1 - (-13 + 4). Calculate the greatest common factor of u and 108.
12
Suppose 18 = 2*w + 2*g, -2*w - 25 = -5*w - g. Suppose -6*t = 2*t - 32. What is the greatest common factor of t and w?
4
Suppose 5*u - 37 = 63. What is the highest common factor of 8 and u?
4
Suppose 2*n = 7*n - 10. Let v = 6 - n. What is the greatest common factor of 1 and v?
1
Let f(z) = 2*z - 1. Let h be f(3). Let a(v) = -2*v - 1. Let w = 0 + -1. Let r be a(w). Calculate the greatest common factor of h and r.
1
Let s be 46/(4/(-10)*-1). Let y = 13 + -9. Suppose -7*g + 138 = -y*g. Calculate the greatest common divisor of s and g.
23
Let y(c) = 2*c**2 + 1. Let u be y(-1). Let m be 1 - (-39)/u - 0. Let p = m + -3. Calculate the greatest common divisor of p and 121.
11
Let l be ((-15)/(-12))/(3/12). What is the highest common divisor of 1 and l?
1
Let t be 1/5 - 3/15. Suppose t = m - 6*m + 25. Suppose -2*k + k + 5 = -f, 5*f - 75 = -5*k. What is the highest common divisor of m and k?
5
Suppose 5*x + 28 = 98. Let a(v) = -v**3 - 8*v**2 - 9*v + 7. Let k be a(-7). Calculate the highest common divisor of k and x.
7
Let o(y) = -y**3 - 3*y**2 - 5*y. Let r be o(-3). Calculate the greatest common divisor of r and 135.
15
Let s = 11 + -6. Let r be 30/4*(-30)/9. Let o = 45 + r. What is the highest common factor of o and s?
5
Let u = 18 - 14. Calculate the greatest common factor of u and 4.
4
Suppose 0 = -3*k - 6 + 3. Let o(j) = -144*j. Let c be o(k). Calculate the greatest common divisor of 18 and c.
18
Suppose 2*r + v - 2 = -5, -5*v + 24 = -3*r. Let a = 5 + r. Calculate the highest common divisor of a and 8.
2
Let h be 4/((-8)/(-3))*2. Let i(r) = -r**2 - 7*r + 21. Let o be i(-9). What is the greatest common factor of h and o?
3
Suppose 7*q + 12 = 9*q. What is the greatest common factor of q and 3?
3
Let p be 421/3 - 10/30. Calculate the highest common factor of p and 56.
28
Let t be -2*(0 - (2 + -1)). Suppose -4*l + t*y + 106 = 0, -83 = -3*l + 7*y - 2*y. Let i = -120 + 185. What is the highest common divisor of i and l?
13
Suppose 5*g + 73 + 64 = 4*o, -25 = 5*g. What is the greatest common divisor of 42 and o?
14
Suppose -2*m = 10, 4*v + 2*m = -v - 215. Let a = 70 + v. What is the greatest common factor of 58 and a?
29
Let u be 8/6*(16 + -1). Let j be 9*((304/12)/4 - 3). What is the greatest common divisor of j and u?
10
Let c(a) = -4*a - 9*a**3 - 2 - a**2 + 2 + 3*a. Let g be c(-1). Let w(i) = 2*i + 6. Let j be w(g). What is the greatest common divisor of 60 and j?
12
Let w(z) = -10*z - 2. Let a be w(-2). Let x = -9 + 11. Calculate the highest common divisor of a and x.
2
Let q be 4/(-8)*-8*1. Suppose -2*c + 116 = -q. What is the highest common factor of c and 40?
20
Suppose -640 - 440 = -3*r. What is the greatest common factor of 12 and r?
12
Let s be ((-6)/4 - -2)*-28. Let b be 14/(-4) + 6/(-12). Let d = b - s. Calculate the highest common divisor of 5 and d.
5
Let j = 2 - -7. Let d(a) = 2*a - 13. Let w be d(11). Calculate the highest common factor of w and j.
9
Let a = -22 + 27. Calculate the greatest common divisor of 45 and a.
5
Let b = -7 + 17. Suppose -4*w - 4*k = w - b, 0 = 4*k. Suppose -3*y + y + 104 = -4*s, s = -w*y + 114. What is the highest common divisor of 7 and y?
7
Let n(s) be the first derivative of -s**2 - 1/3*s**3 - 2 - 1/4*s**4 - 3*s. Let r be n(-2). Calculate the highest common divisor of 5 and r.
5
Suppose 8 = 2*p, -d - 3*d = 2*p - 144. Calculate the greatest common factor of 34 and d.
34
Let o = -626 + 956. Suppose -2165 = -5*i - o. Suppose 4*f - i = 5*d, 4*d = 3*f - f - 188. What is the greatest common factor of 11 and f?
11
Let o(h) = h**2 + 4*h. Let z be o(-3). Let x be 5 - (1 + 6/z). What is the greatest common factor of 6 and x?
6
Suppose -3*h = -q - 295, -129 + 40 = -h + 5*q. What is the highest common factor of h and 9?
9
Suppose 3*t - 5 = -5*r + 4*t, 0 = 2*r - 2*t + 6. Let s be ((-28)/42)/(2/(-6)). Calculate the highest common divisor of s and r.
2
Let o = 4 - 0. Suppose 0 = 5*z + o*p - 303, 4*z + 4*p = 327 - 87. Let b(j) = -2*j - 5. Let r be b(-6). What is the greatest common divisor of r and z?
7
Suppose c - 5*z - 8 = -z, -z + 25 = 2*c. Let y(i) = -i**2 + 2*i - 4. Let l be y(-6). Let r = -28 - l. Calculate the greatest common factor of r and c.
12
Let z(k) = k**2 + 3*k - 2. Let o = 1 + 4. Let d be z(o). Calculate the greatest common factor of 95 and d.
19
Let c(u) = u**2 + 10*u + 8. Let w be c(-13). Calculate the highest common factor of 235 and w.
47
Let k = 6 - 4. Let r = -2 + k. Suppose -3*v - 406 = -5*m, -4*m + r*m + v = -322. Calculate the greatest common factor of m and 16.
16
Let a = -5 - -7. Suppose -a*b + 3*b = 70. Calculate the highest common factor of 14 and b.
14
Let p(t) = 2*t**2 + 4*t + 2. Let o be p(-3). What is the greatest common divisor of o and 40?
8
Suppose 0 = -v + 7 + 8. Suppose k - 2*f - 1 = -f, 5*k = f + 17. Let g be (2/k)/((-1)/(-6)). Calculate the highest common factor of v and g.
3
Let o = 69 - 38. What is the highest common factor of o and 248?
31
Let o = 587 + -407. Suppose 3*q - o = -q. What is the highest common factor of q and 9?
9
Suppose 3*j + 41 = -l, -j + l + l = 16. Let v = 5 + j. Let n = 18 + v. Calculate the highest common factor of 3 and n.
3
Let k = -128 + 193. Calculate the highest common factor of 5 and k.
5
Suppose 3*d - 85 = 5*g, g + 155 = 5*d - 4*g. Calculate the greatest common divisor of 385 and d.
35
Let z be 2*-4*2/4. Let s be 395/3 - z/12. Calculate the highest common divisor of 12 and s.
12
Suppose 0 = -8*j + 5*j + 237. Let n = j - 33. Suppose -n = -5*r + i - 4*i, 0 = -2*r + 3*i + 31. Calculate the highest common factor of 99 and r.
11
Let u(n) = n**3 - 2*n**2 - 2*n - 5. Let k be u(4). Let q = 35 - k. Calculate the highest common divisor of q and 48.
16
Suppose 128 = -6*r + 10*r. What is the greatest common divisor of 4 and